{"id":6231,"date":"2024-03-14T01:41:49","date_gmt":"2024-03-14T01:41:49","guid":{"rendered":"https:\/\/atriumphilosophicum.es\/home\/?post_type=yada_wiki&#038;p=6231"},"modified":"2024-03-14T01:42:21","modified_gmt":"2024-03-14T01:42:21","slug":"juiciosa-cortesana-filosofia-i_002","status":"publish","type":"yada_wiki","link":"https:\/\/atriumphilosophicum.es\/home\/wiki\/juiciosa-cortesana-filosofia-i_002\/","title":{"rendered":"Juiciosa cortesana filosof\u00eda I_002"},"content":{"rendered":"<p class=\"western\" align=\"center\"><span style=\"font-size: large;\"><b>CENSURA<\/b><\/span><\/p>\n<p class=\"western\" align=\"center\">POR COMISI\u00d3N DEL EXCELENT\u00cdSIMO SE\u00d1OR CONDE DE LEMOS<\/p>\n<p class=\"western\" align=\"center\">Y DE CASTRO, VIRREY Y CAPIT\u00c1N GENERAL DESTE REINO.<\/p>\n<p class=\"western\" align=\"center\">DEL PADRE DON ANTONIO LIPERI, CL\u00c9RIGO REGULAR, DOCTOR EN<\/p>\n<p class=\"western\" align=\"center\">TEOLOG\u00cdA Y EN AMBOS DERECHOS<\/p>\n<p class=\"western\" align=\"justify\">He le\u00eddo con atenci\u00f3n, seg\u00fan la orden de Vuestra Excelencia, el libro intitulado <i>El Critic\u00f3n<\/i>, y su primera parte, <i>En la primavera e la ni\u00f1ez y el est\u00edo de la juventud<\/i>, compuesto por el licenciado Garc\u00eda de Marlones, y en \u00e9l no he hallado cosa opuesta a las regal\u00edas de Su Majestad, ni a las buenas costumbres, ni a la doctrina sana y cat\u00f3lica de nuestra santa fe: antes lo en \u00e9l escrito, muy conforme a todo ello. Contiene muchos y muy saludables documentos morales, declarados con sutil ingenio y con ingeniosa sutileza, y con un lenguaje gravemente culto y dulcemente picante; y cuanto m\u00e1s picante, m\u00e1s dulce y m\u00e1s provechoso para la buena pol\u00edtica y reformaci\u00f3n de costumbres, pudiendo preciarse su autor de que <span lang=\"la\"><i>miscuit utile dulci<\/i><\/span>, cosas bien dificultosas de juntar. Debajo de una ingeniosa f\u00e1bula o de una ficci\u00f3n tr\u00e1gica y c\u00f3mica, introduce a un desdichado padre, a quien muchas y propias desdichas cubrieron anticipadamente de canas de senil prudencia, que sin conocer que fuese hijo suyo propio el con <span style=\"color: #0000ff;\">[804]<\/span> quien dichosamente encontr\u00f3, atiende a educarle lo m\u00e1s loablemente que puede, ense\u00f1\u00e1ndole no s\u00f3lo a hablar y a estudiar en las ciencias liberales, sino a admirar la bella y armoniosa m\u00e1quina deste mundo material y su mayor y m\u00e1s bella maravilla, que es el hombre, y la admirable potencia y providencia de su Hacedor. Tras eso, para desviarle de la senda de los vicios en el bivio pitag\u00f3rico de su edad, los zahiere y muerde con tanta sal y con tan salados (aunque fabulosos) discursos, que la mayor sal y gracia, as\u00ed de su decir como de su discurrir, demuestra en su m\u00e1s donosa y provechosa mordacidad. Ense\u00f1a, en fin, a ser una persona en la primavera de su ni\u00f1ez, y a que no se deje abrasar de los ardores sensuales en los estivales incendios de la juventud. Y todo ello, con tan culto y claro estilo, y con tan vario artificio y artificiosa y entretenida variedad de cosas, que el que empezare a leer el libro podr\u00e1 ser que con dificultad le suelte de las manos sin llegar primero a su fin. As\u00ed lo siento, y lo firmo de mi mano. En Zaragoza, 6 de junio de 1651.<\/p>\n<p class=\"western\" align=\"right\">Don Antonio Liperi<\/p>\n<p class=\"western\" align=\"right\">cl\u00e9rigo regular, doctor en Teolog\u00eda y en ambos Derechos<\/p>\n<p class=\"western\" align=\"right\"><i>Imprimatur<\/i><\/p>\n<p class=\"western\" align=\"right\"><i>Vidit Canales<\/i><sup class=\"modern-footnotes-footnote \" data-mfn=\"1\" data-mfn-post-scope=\"00000000000007770000000000000000_6231\"><a href=\"javascript:void(0)\"  role=\"button\" aria-pressed=\"false\" aria-describedby=\"mfn-content-00000000000007770000000000000000_6231-1\">1<\/a><\/sup><span id=\"mfn-content-00000000000007770000000000000000_6231-1\" role=\"tooltip\" class=\"modern-footnotes-footnote__note\" tabindex=\"0\" data-mfn=\"1\">Juan Canales<\/span><i> Reg.<\/i><\/p>\n<div id=\"sdfootnote1\">\n<p class=\"sdfootnote-western\" align=\"justify\">\n<\/div>\n","protected":false},"author":2,"featured_media":0,"comment_status":"closed","ping_status":"closed","template":"","meta":{"om_disable_all_campaigns":false,"_monsterinsights_skip_tracking":false,"_monsterinsights_sitenote_active":false,"_monsterinsights_sitenote_note":"","_monsterinsights_sitenote_category":0,"_uf_show_specific_survey":0,"_uf_disable_surveys":false,"footnotes":""},"wiki_cats":[],"wiki_tags":[],"class_list":["post-6231","yada_wiki","type-yada_wiki","status-publish","hentry"],"aioseo_notices":[],"_links":{"self":[{"href":"https:\/\/atriumphilosophicum.es\/home\/wp-json\/wp\/v2\/yada_wiki\/6231","targetHints":{"allow":["GET"]}}],"collection":[{"href":"https:\/\/atriumphilosophicum.es\/home\/wp-json\/wp\/v2\/yada_wiki"}],"about":[{"href":"https:\/\/atriumphilosophicum.es\/home\/wp-json\/wp\/v2\/types\/yada_wiki"}],"author":[{"embeddable":true,"href":"https:\/\/atriumphilosophicum.es\/home\/wp-json\/wp\/v2\/users\/2"}],"replies":[{"embeddable":true,"href":"https:\/\/atriumphilosophicum.es\/home\/wp-json\/wp\/v2\/comments?post=6231"}],"version-history":[{"count":1,"href":"https:\/\/atriumphilosophicum.es\/home\/wp-json\/wp\/v2\/yada_wiki\/6231\/revisions"}],"predecessor-version":[{"id":6232,"href":"https:\/\/atriumphilosophicum.es\/home\/wp-json\/wp\/v2\/yada_wiki\/6231\/revisions\/6232"}],"wp:attachment":[{"href":"https:\/\/atriumphilosophicum.es\/home\/wp-json\/wp\/v2\/media?parent=6231"}],"wp:term":[{"taxonomy":"wiki_cats","embeddable":true,"href":"https:\/\/atriumphilosophicum.es\/home\/wp-json\/wp\/v2\/wiki_cats?post=6231"},{"taxonomy":"wiki_tags","embeddable":true,"href":"https:\/\/atriumphilosophicum.es\/home\/wp-json\/wp\/v2\/wiki_tags?post=6231"}],"curies":[{"name":"wp","href":"https:\/\/api.w.org\/{rel}","templated":true}]}}

Juiciosa cortesana filosofía I_002

<p class="western" align="center"><span style="font-size: large;"><b>CENSURA</b></span></p>
<p class="western" align="center">POR COMISIÓN DEL EXCELENTÍSIMO SEÑOR CONDE DE LEMOS</p>
<p class="western" align="center">Y DE CASTRO, VIRREY Y CAPITÁN GENERAL DESTE REINO.</p>
<p class="western" align="center">DEL PADRE DON ANTONIO LIPERI, CLÉRIGO REGULAR, DOCTOR EN</p>
<p class="western" align="center">TEOLOGÍA Y EN AMBOS DERECHOS</p>
<p class="western" align="justify">He leído con atención, según la orden de Vuestra Excelencia, el libro intitulado <i>El Criticón</i>, y su primera parte, <i>En la primavera e la niñez y el estío de la juventud</i>, compuesto por el licenciado García de Marlones, y en él no he hallado cosa opuesta a las regalías de Su Majestad, ni a las buenas costumbres, ni a la doctrina sana y católica de nuestra santa fe: antes lo en él escrito, muy conforme a todo ello. Contiene muchos y muy saludables documentos morales, declarados con sutil ingenio y con ingeniosa sutileza, y con un lenguaje gravemente culto y dulcemente picante; y cuanto más picante, más dulce y más provechoso para la buena política y reformación de costumbres, pudiendo preciarse su autor de que <span lang="la"><i>miscuit utile dulci</i></span>, cosas bien dificultosas de juntar. Debajo de una ingeniosa fábula o de una ficción trágica y cómica, introduce a un desdichado padre, a quien muchas y propias desdichas cubrieron anticipadamente de canas de senil prudencia, que sin conocer que fuese hijo suyo propio el con <span style="color: #0000ff;">[804]</span> quien dichosamente encontró, atiende a educarle lo más loablemente que puede, enseñándole no sólo a hablar y a estudiar en las ciencias liberales, sino a admirar la bella y armoniosa máquina deste mundo material y su mayor y más bella maravilla, que es el hombre, y la admirable potencia y providencia de su Hacedor. Tras eso, para desviarle de la senda de los vicios en el bivio pitagórico de su edad, los zahiere y muerde con tanta sal y con tan salados (aunque fabulosos) discursos, que la mayor sal y gracia, así de su decir como de su discurrir, demuestra en su más donosa y provechosa mordacidad. Enseña, en fin, a ser una persona en la primavera de su niñez, y a que no se deje abrasar de los ardores sensuales en los estivales incendios de la juventud. Y todo ello, con tan culto y claro estilo, y con tan vario artificio y artificiosa y entretenida variedad de cosas, que el que empezare a leer el libro podrá ser que con dificultad le suelte de las manos sin llegar primero a su fin. Así lo siento, y lo firmo de mi mano. En Zaragoza, 6 de junio de 1651.</p>
<p class="western" align="right">Don Antonio Liperi</p>
<p class="western" align="right">clérigo regular, doctor en Teología y en ambos Derechos</p>
<p class="western" align="right"><i>Imprimatur</i></p>
<p class="western" align="right"><i>Vidit Canales</i><sup class="modern-footnotes-footnote " data-mfn="1" data-mfn-post-scope="00000000000007770000000000000000_6231"><a href="javascript:void(0)"  role="button" aria-pressed="false" aria-describedby="mfn-content-00000000000007770000000000000000_6231-1">1</a></sup><span id="mfn-content-00000000000007770000000000000000_6231-1" role="tooltip" class="modern-footnotes-footnote__note" tabindex="0" data-mfn="1">Juan Canales</span><i> Reg.</i></p>
<div id="sdfootnote1">
<p class="sdfootnote-western" align="justify">
</div>
