{"id":10338,"date":"2024-10-26T00:41:31","date_gmt":"2024-10-26T00:41:31","guid":{"rendered":"https:\/\/atriumphilosophicum.es\/home\/?post_type=yada_wiki&#038;p=10338"},"modified":"2025-05-13T23:49:55","modified_gmt":"2025-05-13T23:49:55","slug":"alyssa-nova","status":"publish","type":"yada_wiki","link":"https:\/\/atriumphilosophicum.es\/home\/wiki\/alyssa-nova\/","title":{"rendered":"\u0100lyssa Nova"},"content":{"rendered":"<p><img loading=\"lazy\" decoding=\"async\" class=\"wp-image-10339 aligncenter\" src=\"https:\/\/atriumphilosophicum.es\/wp-content\/uploads\/2024\/10\/LOGICA-Memorativa-215x300.jpg\" alt=\"\" width=\"145\" height=\"202\" srcset=\"https:\/\/atriumphilosophicum.es\/wp-content\/uploads\/2024\/10\/LOGICA-Memorativa-215x300.jpg 215w, https:\/\/atriumphilosophicum.es\/wp-content\/uploads\/2024\/10\/LOGICA-Memorativa-300x419.jpg 300w, https:\/\/atriumphilosophicum.es\/wp-content\/uploads\/2024\/10\/LOGICA-Memorativa.jpg 734w\" sizes=\"auto, (max-width: 145px) 100vw, 145px\" \/><\/p>\n<p style=\"text-align: justify;\"><span style=\"font-family: georgia, palatino, serif; font-size: 12pt;\">La Dr. <a href=\"https:\/\/en.wikipedia.org\/wiki\/Alyssa_Ney\">\u0100lyssa Nova<\/a> (<a href=\"https:\/\/sites.google.com\/site\/alyssaney\/home\/cv\">\u1f08\u03bb\u03cd\u03c3\u03c3\u03b1 \u039a\u03b1\u03b9\u03bd\u03bf\u03cd\u03c1\u03b3\u03b9\u03b1<\/a>) es una fil\u00f3sofa de la ciencia estadounidense. Es profesora y catedr\u00e1tica de metaf\u00edsica en la Facultad de Filosof\u00eda, Filosof\u00eda de la Ciencia y Estudios Religiosos de la Ludwig Maximilian University of Munich (<a href=\"https:\/\/es.wikipedia.org\/wiki\/Universidad_de_M%C3%BAnich\">LMU<\/a>). Su ambito de estudios abarca desde la metaf\u00edsica, la filosof\u00eda de la f\u00edsica contempor\u00e1nea hasta la filosof\u00eda de la mente.<\/span><\/p>\n<p style=\"text-align: justify;\"><span style=\"font-family: georgia, palatino, serif; font-size: 12pt;\">En Atrium Philosophicum:<\/span><\/p>\n<p><a href=\"https:\/\/atriumphilosophicum.es\/home\/wiki\/lecciones-preliminares-de-logica\/\">Lecciones Preliminares de L\u00f3gica para Metaf\u00edsica<\/a><\/p>\n<p>&nbsp;<\/p>\n","protected":false},"author":2,"featured_media":0,"comment_status":"closed","ping_status":"closed","template":"","meta":{"om_disable_all_campaigns":false,"_monsterinsights_skip_tracking":false,"_monsterinsights_sitenote_active":false,"_monsterinsights_sitenote_note":"","_monsterinsights_sitenote_category":0,"_uf_show_specific_survey":0,"_uf_disable_surveys":false,"footnotes":""},"wiki_cats":[],"wiki_tags":[],"class_list":["post-10338","yada_wiki","type-yada_wiki","status-publish","hentry"],"aioseo_notices":[],"_links":{"self":[{"href":"https:\/\/atriumphilosophicum.es\/home\/wp-json\/wp\/v2\/yada_wiki\/10338","targetHints":{"allow":["GET"]}}],"collection":[{"href":"https:\/\/atriumphilosophicum.es\/home\/wp-json\/wp\/v2\/yada_wiki"}],"about":[{"href":"https:\/\/atriumphilosophicum.es\/home\/wp-json\/wp\/v2\/types\/yada_wiki"}],"author":[{"embeddable":true,"href":"https:\/\/atriumphilosophicum.es\/home\/wp-json\/wp\/v2\/users\/2"}],"replies":[{"embeddable":true,"href":"https:\/\/atriumphilosophicum.es\/home\/wp-json\/wp\/v2\/comments?post=10338"}],"version-history":[{"count":5,"href":"https:\/\/atriumphilosophicum.es\/home\/wp-json\/wp\/v2\/yada_wiki\/10338\/revisions"}],"predecessor-version":[{"id":10345,"href":"https:\/\/atriumphilosophicum.es\/home\/wp-json\/wp\/v2\/yada_wiki\/10338\/revisions\/10345"}],"wp:attachment":[{"href":"https:\/\/atriumphilosophicum.es\/home\/wp-json\/wp\/v2\/media?parent=10338"}],"wp:term":[{"taxonomy":"wiki_cats","embeddable":true,"href":"https:\/\/atriumphilosophicum.es\/home\/wp-json\/wp\/v2\/wiki_cats?post=10338"},{"taxonomy":"wiki_tags","embeddable":true,"href":"https:\/\/atriumphilosophicum.es\/home\/wp-json\/wp\/v2\/wiki_tags?post=10338"}],"curies":[{"name":"wp","href":"https:\/\/api.w.org\/{rel}","templated":true}]}}

Ālyssa Nova

<p><img loading="lazy" decoding="async" class="wp-image-10339 aligncenter" src="https://atriumphilosophicum.es/wp-content/uploads/2024/10/LOGICA-Memorativa-215x300.jpg" alt="" width="145" height="202" srcset="https://atriumphilosophicum.es/wp-content/uploads/2024/10/LOGICA-Memorativa-215x300.jpg 215w, https://atriumphilosophicum.es/wp-content/uploads/2024/10/LOGICA-Memorativa-300x419.jpg 300w, https://atriumphilosophicum.es/wp-content/uploads/2024/10/LOGICA-Memorativa.jpg 734w" sizes="auto, (max-width: 145px) 100vw, 145px" /></p>
<p style="text-align: justify;"><span style="font-family: georgia, palatino, serif; font-size: 12pt;">La Dr. <a href="https://en.wikipedia.org/wiki/Alyssa_Ney">Ālyssa Nova</a> (<a href="https://sites.google.com/site/alyssaney/home/cv">Ἀλύσσα Καινούργια</a>) es una filósofa de la ciencia estadounidense. Es profesora y catedrática de metafísica en la Facultad de Filosofía, Filosofía de la Ciencia y Estudios Religiosos de la Ludwig Maximilian University of Munich (<a href="https://es.wikipedia.org/wiki/Universidad_de_M%C3%BAnich">LMU</a>). Su ambito de estudios abarca desde la metafísica, la filosofía de la física contemporánea hasta la filosofía de la mente.</span></p>
<p style="text-align: justify;"><span style="font-family: georgia, palatino, serif; font-size: 12pt;">En Atrium Philosophicum:</span></p>
<p><a href="https://atriumphilosophicum.es/home/wiki/lecciones-preliminares-de-logica/">Lecciones Preliminares de Lógica para Metafísica</a></p>
<p>&nbsp;</p>
